{"id":77,"date":"2022-04-20T22:58:10","date_gmt":"2022-04-20T20:58:10","guid":{"rendered":"https:\/\/cms.mcs-rbg.de\/robotigers\/?page_id=77"},"modified":"2022-04-20T22:58:11","modified_gmt":"2022-04-20T20:58:11","slug":"ueber-uns","status":"publish","type":"page","link":"https:\/\/cms.mcs-rbg.de\/robotigers\/ueber-uns\/","title":{"rendered":"\u00dcber uns"},"content":{"rendered":"\n<p>Wir sind die RoboTigers, die Roboter AG der Marie Curie Schule. Wir nehmen j\u00e4hrlich an der First Lego Leage, mei\u00dft erfolgreich Teil. Wir besch\u00e4ftigen uns auch mit dem ausrichten eines eigen Wettbewerbs, dem WDRT, zu welchem wir auch andere Roboter Teams einladen.<\/p>\n\n\n\n<p>Wir haben uns im Laufe der Zeit mit einem Sponsor, Viscom, zusammengetan. Wir haben es zudem geschafft, einen eigen Raum in der Schule zu bekommen, der nur noch von uns genutzt werden kann, das machen wir auch fast rund um die Uhr.  <\/p>\n","protected":false},"excerpt":{"rendered":"<p>Wir sind die RoboTigers, die Roboter AG der Marie Curie Schule. Wir nehmen j\u00e4hrlich an der First Lego Leage, mei\u00dft erfolgreich Teil. Wir besch\u00e4ftigen uns auch mit dem ausrichten eines eigen Wettbewerbs, dem WDRT, zu welchem wir auch andere Roboter Teams einladen. Wir haben uns im Laufe der Zeit mit einem Sponsor, Viscom, zusammengetan. Wir [&hellip;]<\/p>\n","protected":false},"author":35,"featured_media":0,"parent":0,"menu_order":0,"comment_status":"closed","ping_status":"closed","template":"","meta":{"ngg_post_thumbnail":0,"footnotes":""},"class_list":["post-77","page","type-page","status-publish","hentry"],"_links":{"self":[{"href":"https:\/\/cms.mcs-rbg.de\/robotigers\/wp-json\/wp\/v2\/pages\/77"}],"collection":[{"href":"https:\/\/cms.mcs-rbg.de\/robotigers\/wp-json\/wp\/v2\/pages"}],"about":[{"href":"https:\/\/cms.mcs-rbg.de\/robotigers\/wp-json\/wp\/v2\/types\/page"}],"author":[{"embeddable":true,"href":"https:\/\/cms.mcs-rbg.de\/robotigers\/wp-json\/wp\/v2\/users\/35"}],"replies":[{"embeddable":true,"href":"https:\/\/cms.mcs-rbg.de\/robotigers\/wp-json\/wp\/v2\/comments?post=77"}],"version-history":[{"count":1,"href":"https:\/\/cms.mcs-rbg.de\/robotigers\/wp-json\/wp\/v2\/pages\/77\/revisions"}],"predecessor-version":[{"id":78,"href":"https:\/\/cms.mcs-rbg.de\/robotigers\/wp-json\/wp\/v2\/pages\/77\/revisions\/78"}],"wp:attachment":[{"href":"https:\/\/cms.mcs-rbg.de\/robotigers\/wp-json\/wp\/v2\/media?parent=77"}],"curies":[{"name":"wp","href":"https:\/\/api.w.org\/{rel}","templated":true}]}}